Select a Year or Month report

Report for 2018 Feb
                   Monthly Climatological Summary for Feb 2018

Name: Carina Weather   City: Carina, Brisbane   State: Queensland
Elevation: 18 m  Lat: S 27 29' 04"   Lon: E 153 05' 43"

                  Temperature (C), Rain (mm), Wind Speed (km/h)

                                      Heat  Cool        Avg
    Mean                              Deg   Deg         Wind                 Dom
Day Temp  High   Time   Low    Time   Days  Days  Rain  Speed High   Time    Dir
----------------------------------------------------------------------------------
 1  22.5  25.5   10:46  19.6   23:48   0.0   4.2   0.8   2.6  24.0   14:57     E
 2  19.6  21.7   12:06  18.7   05:31   0.0   1.3  15.6   0.9  14.0   10:06     E
 3  19.4  20.7   10:51  18.3   23:47   0.0   1.1   9.2   0.5  16.0   15:43     E
 4  22.3  27.8   12:21  17.6   04:30   0.0   4.0   2.0   3.2  26.0   10:21     E
 5  23.4  29.6   13:32  17.3   05:12   0.1   5.2   0.2   2.4  19.0   15:29     E
 6  23.6  30.3   12:14  18.5   05:39   0.0   5.3   0.0   2.3  21.0   14:00   ESE
 7  23.6  29.2   11:00  17.8   05:55   0.0   5.3   0.0   2.6  23.0   11:33   ESE
 8  23.3  29.0   14:05  18.1   03:46   0.0   5.0   0.0   2.3  19.0   11:34     E
 9  24.0  31.2   13:13  17.7   05:12   0.0   5.7   0.0   0.9  16.0   09:49   ENE
10  25.6  32.9   12:29  18.9   02:59   0.0   7.3   0.6   1.0  23.0   12:27   WNW
11  26.7  34.9   13:17  20.7   18:42   0.0   8.4  17.0   1.3  35.0   18:19   NNW
12  27.6  34.2   12:33  21.6   04:16   0.0   9.3   0.0   0.8  14.0   18:02    NW
13  27.7  34.0   13:07  22.3   23:42   0.0   9.4   4.8   1.0  19.0   19:43    NW
14  27.6  33.3   13:13  21.3   05:26   0.0   9.2   0.0   0.8  13.0   13:27   WNW
15  28.9  36.3   12:12  23.9   05:57   0.0  10.6   0.0   1.3  23.0   14:30     E
16  28.0  33.6   12:55  24.8   23:07   0.0   9.7   5.2   0.9  11.0   13:48   WNW
17  26.6  31.4   12:44  23.0   02:08   0.0   8.3  32.8   1.3  18.0   10:32     E
18  26.4  32.6   13:22  21.9   04:16   0.0   8.1   0.0   1.8  18.0   15:29     E
19  26.2  33.1   12:53  19.6   04:59   0.0   7.9   0.0   1.1  13.0   16:10   ENE
20  25.5  30.2   12:39  21.8   22:21   0.0   7.2   1.2   3.0  24.0   15:46   ESE
21  24.0  26.9   09:46  21.9   21:23   0.0   5.7   0.6   5.1  29.0   12:14   ESE
22  23.3  26.6   11:10  20.7   04:34   0.0   5.0  21.0   2.9  19.0   12:08     E
23  23.7  25.3   10:36  22.7   21:45   0.0   5.4 107.8   0.7  16.0   10:15     E
24  24.7  29.1   14:24  22.2   04:15   0.0   6.4  45.8   0.3  11.0   21:23   ENE
25  26.5  32.5   12:43  22.7   03:40   0.0   8.2   0.2   0.9  14.0   14:55   WNW
----------------------------------------------------------------------------------
    24.8  36.3    15    17.3     5     0.1 163.2 264.8   1.7  35.0    11       E

Max >=  27.0: 19
Max <=   0.0:  0
Min <=   0.0:  0
Min <= -18.0:  0
Max Rain: 107.8 on day 23
Days of Rain: 16 (>= 0.2 mm)  10 (>= 2.0 mm)  4 (>= 20.0 mm)
Heat Base: 18.3  Cool Base: 18.3  Method: Integration