Select a Year or Month report

Report for 2018 Aug
                   Monthly Climatological Summary for Aug 2018

Name: Carina Weather   City: Carina, Brisbane   State: Queensland
Elevation: 18 m  Lat: S 27 29' 04"   Lon: E 153 05' 43"

                  Temperature (C), Rain (mm), Wind Speed (km/h)

                                      Heat  Cool        Avg
    Mean                              Deg   Deg         Wind                 Dom
Day Temp  High   Time   Low    Time   Days  Days  Rain  Speed High   Time    Dir
----------------------------------------------------------------------------------
 1  13.5  24.5   14:17   6.3   04:38   5.8   1.0   0.0   0.5  13.0   15:52   NNW
 2  14.7  22.8   14:01   8.0   03:21   4.6   0.9   0.0   0.9  18.0   11:40     E
 3  16.3  24.1   12:30   9.9   06:11   3.2   1.3   0.0   0.5  13.0   13:25     N
 4  17.6  26.8   15:05  11.0   03:14   2.7   2.0   0.0   0.4  11.0   10:06   WNW
 5  17.5  25.7   12:17   9.1   05:33   2.6   1.8   0.0   0.7  11.0   15:28    NW
 6  18.5  26.6   13:05  11.3   05:27   2.0   2.2   1.4   0.9  16.0   17:20   WNW
 7  17.0  21.8   12:29  10.8   23:51   2.0   0.6   0.0   1.8  23.0   14:23   WNW
 8  13.0  22.7   14:51   5.7   04:11   6.0   0.7   0.0   0.5  13.0   13:27    NW
 9  13.8  22.7   13:29   5.2   05:38   5.3   0.9   0.0   1.0  16.0   15:23     E
10  15.3  23.4   12:41   8.4   02:33   4.0   1.1   0.0   0.9  16.0   14:51     E
11  17.6  25.3   13:13  10.4   06:11   2.2   1.5   0.0   0.9  13.0   12:45   WNW
12  16.9  24.2   12:54  10.9   05:25   2.9   1.5   0.0   2.5  29.0   13:22   WNW
13  13.3  22.6   14:35   6.9   23:52   5.7   0.6   0.0   1.0  11.0   08:02   WNW
14  13.5  22.9   12:32   5.6   03:47   5.7   0.9   0.0   0.6  10.0   09:02   NNW
15  15.5  25.2   14:09   6.2   06:18   4.3   1.5   0.0   0.7  14.0   15:30   WNW
16  16.9  29.1   14:55   6.9   05:49   4.2   2.8   0.0   0.9  19.0   12:57   WNW
17  16.9  29.2   14:12   6.9   04:25   4.0   2.7   0.0   0.5  11.0   12:32   WNW
18  17.6  27.9   13:46   8.4   06:29   3.2   2.5   0.0   1.0  24.0   14:01   WNW
19  15.8  22.7   13:44   7.6   06:05   3.7   1.2   0.0   2.9  32.0   10:27   WNW
20  13.8  21.7   14:50   6.8   23:59   5.0   0.6   0.0   2.2  23.0   09:03    NW
21  13.8  23.8   15:37   4.2   06:18   5.4   0.9   0.0   1.0  13.0   11:04   WNW
----------------------------------------------------------------------------------
    15.7  29.2    17     4.2    21    84.5  29.2   1.4   1.1  32.0    19     WNW

Max >=  27.0:  3
Max <=   0.0:  0
Min <=   0.0:  0
Min <= -18.0:  0
Max Rain: 1.4 on day 6
Days of Rain: 1 (>= 0.2 mm)  0 (>= 2.0 mm)  0 (>= 20.0 mm)
Heat Base: 18.3  Cool Base: 18.3  Method: Integration